 o(g) = g**3 - g**2 - g - 1. Calculate o(2).
1
Let d(j) = -j**3 + 6*j**2 - 7*j + 10. What is d(5)?
0
Let t(x) = 74*x + 6. Determine t(-1).
-68
Let j(b) = -10*b**2 + 3*b - 2. What is j(1)?
-9
Let z(r) = -5*r - 2. Determine z(2).
-12
Let v(u) = -2*u - 8. Determine v(-6).
4
Let r(s) = -48*s - 243. Calculate r(-5).
-3
Let n(g) = 111*g - 875. What is n(8)?
13
Let j(d) = -3*d + 6. Calculate j(10).
-24
Let s(h) = -5*h**2 + h + 2. Give s(3).
-40
Let q(u) = u**2 + 4*u - 7. What is q(-7)?
14
Let h(o) = -o**3 - 7*o**2 + 4*o + 3. Give h(-5).
-67
Let o(c) = 4*c**2 + 21*c + 5. Determine o(-5).
0
Let l(x) = -45*x + 50. What is l(1)?
5
Let u(q) = -4*q**2 - 10*q. Give u(-5).
-50
Let w(a) = -a**3 + 23*a**2 - 4*a + 88. What is w(23)?
-4
Let d(a) = -3*a - 84. What is d(-22)?
-18
Let v(t) = -12*t**2 + 49*t. Calculate v(4).
4
Let d(t) = t + 38. Give d(-14).
24
Let k(n) = -4*n + 9. Give k(9).
-27
Let t(h) = -h**2 + 21*h + 21. Calculate t(17).
89
Let l(x) = x**2 - 4*x + 1. What is l(0)?
1
Let r(a) = -a**3 + a**2 + a - 2. What is r(0)?
-2
Let o(p) = -7*p**2 + p + 4. Calculate o(3).
-56
Let f(o) = -o**3 - 20*o**2 + 2*o + 38. Calculate f(-20).
-2
Let z(w) = w**2 - 4*w - 30. Calculate z(-4).
2
Let y(g) = g**2 + 11*g + 5. Calculate y(-11).
5
Let q(r) = 7*r - 16. Determine q(5).
19
Let m(w) = w**3 - 7*w**2 - 5*w - 26. Determine m(8).
-2
Let d(q) = -q**2 + 2*q - 8. Calculate d(3).
-11
Let q(o) = -o + 11. Give q(16).
-5
Let w(r) = -5*r + 20. Determine w(5).
-5
Let q(x) = -2*x**2 - 8*x + 26. Determine q(6).
-94
Let r(z) = -z**2 - z - 4. What is r(-5)?
-24
Let v(k) = 2*k**2 + 9*k - 12. Calculate v(-6).
6
Let i(b) = 6*b - 5. Calculate i(2).
7
Let r(s) = 5*s - 24. Give r(7).
11
Let t(v) = v**3 - 10*v**2 + 12*v + 22. What is t(8)?
-10
Let k(s) = -2*s + 31. Calculate k(11).
9
Let p(s) = -s**2 + 21*s - 10. What is p(26)?
-140
Let m(x) = 2*x**2 + 3. What is m(-3)?
21
Let g(s) = 6*s**3 + 3*s**2 + 2*s + 1. What is g(-1)?
-4
Let z(b) = 4*b + 121. Calculate z(-26).
17
Let f(s) = 20*s - 40. Give f(2).
0
Let w(z) = -5*z + 25. Determine w(4).
5
Let g(j) = 22*j + 108. Determine g(-6).
-24
Let l(j) = -2*j**3 + 2*j**2 - j - 32. Give l(0).
-32
Let t(d) = -d**2 - 6*d + 5. Give t(-4).
13
Let o(m) = -m**3 + 10*m**2 + 14*m + 2. Give o(11).
35
Let u(g) = g**2 - 10*g + 1. What is u(12)?
25
Let f(d) = -4*d - 79. What is f(-24)?
17
Let c(t) = -2*t + 8. What is c(1)?
6
Let v(x) = 14*x**3 - x**2. Determine v(1).
13
Let f(n) = 2*n**3 + n**2 - 8*n + 3. What is f(-2)?
7
Let o(g) = -g**3 + 1. Give o(1).
0
Let p(l) = -22*l + 27. Calculate p(5).
-83
Let n(w) = 2*w + 4. What is n(8)?
20
Let h(w) = w**2 - w - 62. Determine h(8).
-6
Let g(s) = -s**3 + 30*s - 58. Give g(2).
-6
Let t(i) = i**2 - 8*i + 7. What is t(7)?
0
Let h(a) = -2*a**2 + 4*a - 13. What is h(6)?
-61
Let s(g) = g**3 + 11*g**2 - 60*g + 2. Determine s(-15).
2
Let h(r) = r - 3. Calculate h(-2).
-5
Let v(h) = 2*h**2 + 6*h + 17. What is v(-5)?
37
Let j(x) = 14*x - 327. Determine j(23).
-5
Let j(h) = 2*h**2 - 28*h + 19. Calculate j(13).
-7
Let d(o) = 4*o**3 + 3*o**2 + o. Give d(-2).
-22
Let h(m) = 15*m**3 + 2*m**2 - 2*m + 1. Determine h(1).
16
Let g(q) = q**2 + 6*q - 9. Give g(-8).
7
Let x(w) = -w - 17. Calculate x(-13).
-4
Let k(d) = 6*d + 88. Determine k(-9).
34
Let b(h) = -h**3 - 6*h**2 - 1. Calculate b(-6).
-1
Let x(w) = w**2 + 13*w + 15. Calculate x(-12).
3
Let p(k) = -k - 22. Give p(-15).
-7
Let m(l) = 2*l**2 - 21*l - 21. Calculate m(12).
15
Let a(w) = 10*w + 304. Calculate a(-30).
4
Let m(r) = -3*r + 3. Calculate m(2).
-3
Let n(h) = 8*h**2 + 13*h - 13. What is n(1)?
8
Let a(g) = g**2 - 6*g - 18. Give a(-6).
54
Let y(k) = -8*k + 1. What is y(-1)?
9
Let s(f) = -f - 23. What is s(-15)?
-8
Let z(q) = q**3 + 2*q**2 + 2*q + 1. Calculate z(-2).
-3
Let q(y) = -y**3 - 6*y**2 + 12*y + 17. Give q(-8).
49
Let l(r) = -15*r**2 - 6*r - 7. Determine l(-1).
-16
Let s(p) = p**3 - 5*p**2 + p + 2. Calculate s(4).
-10
Let z(w) = -8*w**2 + 17*w + 39. What is z(-2)?
-27
Let y(u) = 2*u**3 + 10*u**2 + 4*u + 2. Determine y(-3).
26
Let o(q) = -q**3 - 7*q**2 - 6*q - 5. Determine o(-6).
-5
Let y(m) = -m**3 - 19*m**2 + 44*m + 49. Calculate y(-21).
7
Let o(r) = r**3 + r**2 - 4*r + 4. What is o(-4)?
-28
Let g(k) = 2*k - 1. What is g(3)?
5
Let k(s) = -5*s**2 + 11*s + 10. Calculate k(-1).
-6
Let z(n) = -n**3 + 5*n**2 + 7*n + 11. What is z(6)?
17
Let c(m) = -3*m + 13. Calculate c(10).
-17
Let t(c) = 2*c - 30. Calculate t(11).
-8
Let i(r) = 18*r**2 + 34*r - 6. Determine i(-2).
-2
Let n(t) = -t**2 - 12*t + 6. What is n(-13)?
-7
Let i(b) = b**3 - 5*b**2 + b. What is i(5)?
5
Let f(o) = -9*o**2 + o + 2. What is f(-2)?
-36
Let x(r) = -r - 3. What is x(2)?
-5
Let i(u) = -6*u - 22. Give i(-4).
2
Let r(h) = -2*h**2 + 47*h - 64. What is r(22)?
2
Let v(s) = 14*s - 557. Calculate v(39).
-11
Let x(y) = -y**3 - 12*y**2 - 11*y - 13. Give x(-11).
-13
Let t(v) = -v**2 + 11*v - 7. What is t(3)?
17
Let z(i) = -106*i**2 - 2*i - 1. Determine z(-1).
-105
Let b(y) = y**2 - 24*y + 38. Give b(18).
-70
Let d(k) = 15*k + 8. Determine d(-3).
-37
Let m(v) = 2*v - 26. Determine m(12).
-2
Let p(t) = 28*t - 216. Give p(8).
8
Let d(v) = -5*v + 4. Give d(5).
-21
Let x(r) = 22*r - 22. Give x(9).
176
Let y(p) = -p**2 - 3*p - 2. What is y(3)?
-20
Let w(t) = t**3 + 13*t**2 - 23*t + 10. Calculate w(-14).
136
Let p(z) = -48*z + 86. What is p(2)?
-10
Let y(l) = -3*l + 15. Give y(7).
-6
Let u(g) = g**2 + 7*g - 23. Determine u(4).
21
Let n(m) = -m**2 - 3*m + 8. Determine n(-4).
4
Let l(o) = -25*o**2 + 18*o. Calculate l(1).
-7
Let n(w) = -6*w + 6. What is n(4)?
-18
Let z(s) = -s**2 + 9*s + 4. Calculate z(5).
24
Let n(i) = 5*i + 4. What is n(-1)?
-1
Let u(h) = h**2 - 33*h - 495. Determine u(44).
-11
Let a(q) = -16*q + 298. What is a(18)?
10
Let c(v) = v**3 + 26*v**2 - 24*v + 85. Give c(-27).
4
Let h(d) = -d**2 + 4*d + 34. Determine h(0).
34
Let o(i) = 15*i - 26. Calculate o(2).
4
Let y(b) = 5*b - 14. Calculate y(0).
-14
Let v(j) = -2*j**3 + 4*j**2 + 3*j. Calculate v(3).
-9
Let a(s) = -3*s - 5. Give a(6).
-23
Let m(c) = c**2 - 5*c + 6. Give m(4).
2
Let w(t) = -t**3 + 13*t**2 - 11*t - 8. Determine w(12).
4
Let n(b) = -27*b**3 - b**2 + b - 1. Calculate n(-1).
24
Let h(n) = 11*n**2 + 100*n + 1. What is h(-9)?
-8
Let w(q) = q**3 + 13*q**2 + q + 26. What is w(-13)?
13
Let q(c) = -c**2 + 2*c - 2. Determine q(2).
-2
Let i(c) = c + 45. Give i(-14).
31
Let x(v) = 2*v**3 - 29*v**2 - 18*v + 5. What is x(15)?
-40
Let d(z) = -2*z**3 + 3*z**2 - 2*z + 1. Determine d(2).
-7
Let k(b) = 149*b**3 - 2*b**2 + 1. What is k(-1)?
-150
Let t(b) = -b**3 - b + 2. Calculate t(2).
-8
Let l(p) = p**3 + 5*p**2 - 8*p - 1. Give l(-6).
11
Let t(y) = y**3 - 3*y**2 + 3*y. What is t(4)?
28
Let t(u) = -6*u. What is t(3)?
-18
Let q(m) = 2*m**2 - m + 20. What is q(-5)?
75
Let v(d) = -20*d**3 + 3*d**2 - 6*d + 2. Determine v(1).
-21
Let a(j) = j**3 + 5*j**2 - 4*j + 8. What is a(-6)?
-4
Let w(s) = 3*s + 76. Calculate w(-22).
10
Let c(n) = -n - 7. Determine c(2).
-9
Let x(z) = -3*z**2 - 8*z - 6. Calculate x(-5).
-41
Let g(z) = z**2 - 5*z - 67. What is g(-5)?
-17
Let b(v) = v**2 + 2*v + 6. Determine b(0).
6
Let a(i) = -i**2 - 14*i - 2. Determine a(-14).
-2
Let p(g) = -4*g - 2. What is p(-5)?
18
Let r(x) = -4*x + 18. Give r(6).
-6
Let l(q) = 7*q**2 - 4*q + 2. Give l(3).
53
Let b(d) = d**3 - 4*d**2 - 1. Determine b(2).
-9
Let s(o) = 6*o + 3. What is s(-3)?
-15
Let l(f) = -10*f - 18. Give l(-12).
102
Let o(b) = -b**3 - 2*b**2 + 2*b - 3. Give o(-3).
0
Let k(f) = f**3 + 2*f**2 + 2*f - 3. Determine k(-4).
-43
Let i(a) = -a**3 + 37*a**2 - 37*a + 10. Calculate i(36).
-26
Let q(u) = -2*u**2 + 6*u - 5. Determine q(5).
-25
Let x(i) = -53*i + 2. Give x(-1).
55
Let n(p) = -p**3 + 21*p**2 + 26*p - 18. Determine n(22).
70
Let v(i) = 2*i**2 - 36*i + 65. What is v(2)?
1
Let c(n) = -2*n**3 + 4*n**2 - 3*n - 13. Give c(-3).
86
Let v(a) = -a**3 - 5*a**2 + 9*a - 6. Calculate v(-7).
29
Let t(v) = -6*v + 7. Calculate t(-3).
25
Let i(x) = -x**2 - 8*x + 12. Determine i(-10).
-8
Let s(h) = 4*h - 3. Calculate s(-2).
-11
Let j(f) = 2*f - 14. Determine j(-11).
-36
Let z(c) = c**3 + 37*c**2 - c + 16. What is z(-37)?
53
Let t(f) = 2*f + 49. Calculate t(-14).
21
Let v(b) = b**3 + 14*b**2 + 11*b - 44. Calculate v(-13).
-18
Let f(h) = h**3 + 5*h**2 + 3*h - 1. Determine f(-4).
3
Let m(h) = 25*h**2 +